 -305*a + 11283. Give n(37).
-2
Let g(h) = 6*h + 23. Calculate g(15).
113
Let u(v) = -4*v**3 + 12*v**2 + 3*v - 22. Calculate u(2).
0
Let h(c) = -3*c**3 + 25*c**2 - 4*c - 88. Calculate h(8).
-56
Let f(r) = r**3 + 14*r**2 - 14*r + 25. Calculate f(-15).
10
Let k(b) = b - 26. Determine k(13).
-13
Let w(g) = -256*g - 215. What is w(-1)?
41
Let j(b) = -2*b**2 - 51*b - 305. Determine j(-11).
14
Let o(d) = 1739*d + 3473. Give o(-2).
-5
Let k(p) = -3*p**2 - 274*p + 3611. Determine k(-103).
6
Let g(o) = -o**2 - 176*o + 5280. What is g(26)?
28
Let v(o) = o**2 + 27*o + 331. What is v(-9)?
169
Let v(a) = 3926*a + 11777. What is v(-3)?
-1
Let z(b) = 33*b + 24. Give z(4).
156
Let l(i) = -2*i**2 - 54*i - 123. Give l(-21).
129
Let i(u) = 20*u**3 + u**2 + 3*u + 4. What is i(-1)?
-18
Let h(x) = -78*x**2 - 8187*x + 315. Give h(-105).
0
Let l(x) = x**3 - 33*x**2 - 92*x - 497. Determine l(36).
79
Let u(i) = -59*i - 420. Calculate u(-9).
111
Let b(i) = i**3 - 63*i**2 + 181*i + 121. Determine b(60).
181
Let t(c) = 9*c**2 - 218*c + 64. What is t(24)?
16
Let m(a) = -3104*a + 27919. Give m(9).
-17
Let n(q) = -q**3 + 24*q**2 + q - 24. Give n(24).
0
Let r(m) = 396*m - 2038. Give r(5).
-58
Let c(n) = -2*n**3 - 4*n**2 + 16*n + 28. Calculate c(-4).
28
Let j(a) = a**3 + 7*a**2 + 1297*a + 2581. Determine j(-2).
7
Let v(h) = 136*h + 4213. Determine v(-31).
-3
Let k(z) = z**3 - 23*z**2 + 12*z + 100. What is k(22)?
-120
Let u(m) = -25*m**2 + 136*m - 1. Determine u(3).
182
Let x(y) = -y**3 + 6*y**2 + 82*y - 570. What is x(7)?
-45
Let o(k) = k**2 + 162*k - 1757. What is o(12)?
331
Let f(p) = 11262*p + 101352. Give f(-9).
-6
Let b(h) = 242*h + 72. Determine b(-3).
-654
Let h(p) = p - 168. Give h(33).
-135
Let l(g) = g**2 - 11*g - 1039. Determine l(38).
-13
Let h(z) = z**3 - 11*z**2 + 26*z - 15. Calculate h(4).
-23
Let g(h) = -h**3 + 7*h**2 - 12*h - 5. Calculate g(4).
-5
Let k(a) = -a**2 + 7*a + 20. Give k(10).
-10
Let g(n) = 3*n**2 - 112*n + 938. Calculate g(10).
118
Let m(q) = 135*q + 2175. What is m(-16)?
15
Let l(h) = 46*h - 203. Calculate l(6).
73
Let k(l) = -11*l + 840. Give k(73).
37
Let h(f) = 3*f**3 + 2*f**2 - 4*f - 14. Determine h(-2).
-22
Let i(b) = -128*b + 1277. Calculate i(10).
-3
Let b(x) = -13*x**2 - 108*x + 329. Determine b(3).
-112
Let d(w) = 5*w**2 - 51*w + 2. What is d(10)?
-8
Let u(i) = -2*i**2 - 1325*i - 14346. Calculate u(-11).
-13
Let d(c) = -733*c + 5122. Give d(7).
-9
Let w(d) = -3*d**3 + 2*d**2 + 3*d - 19. Determine w(-3).
71
Let r(x) = -2940*x - 17677. Give r(-6).
-37
Let k(d) = 29*d + 1083. Give k(-54).
-483
Let w(z) = -24*z - 574. Calculate w(-42).
434
Let t(m) = -m**3 - 12*m**2 - 33*m + 28. Calculate t(-8).
36
Let l(c) = c**3 + c**2 - 14*c + 19. Determine l(2).
3
Let d(o) = -2*o**3 - 16*o**2 - 5*o - 60. Give d(-7).
-123
Let b(j) = 2*j**3 + 110*j**2 - 85*j + 1518. What is b(-56)?
6
Let d(x) = 368*x + 1099. Calculate d(-3).
-5
Let m(i) = i**3 - 17*i**2 - 9*i + 287. Give m(16).
-113
Let c(g) = -g**3 + 14*g**2 + 13*g - 14. Give c(15).
-44
Let h(r) = -13*r - 190. What is h(-20)?
70
Let c(q) = -q**3 - 10*q**2 - 2*q - 11. Determine c(-9).
-74
Let o(s) = 55*s - 98. Give o(4).
122
Let i(p) = -p**2 - 111*p - 532. Calculate i(-106).
-2
Let g(o) = -26*o**2 - 31*o + 3. What is g(-1)?
8
Let c(q) = -446*q - 4457. Determine c(-10).
3
Let v(a) = 9304*a + 130247. Determine v(-14).
-9
Let i(j) = -32*j**2 - 798*j + 30. Give i(-25).
-20
Let y(v) = v**3 + 24*v**2 - 7*v - 4. Give y(-4).
344
Let q(t) = -t**3 - 23*t**2 + 5*t + 115. Calculate q(-23).
0
Let d(c) = c + 134. What is d(-47)?
87
Let x(z) = -2*z**2 + 17*z + 11. Determine x(9).
2
Let t(k) = -k**2 + 10366*k + 10365. Give t(-1).
-2
Let r(c) = 7*c**3 + 4*c**2 - 2*c - 1. Give r(1).
8
Let v(u) = 13*u - 99. Give v(6).
-21
Let z(q) = -8*q**2 + 9*q + 36. Calculate z(0).
36
Let x(j) = 15*j**2 + 374*j - 48. Give x(-25).
-23
Let i(y) = y**3 - 18*y**2 + 57*y - 406. Calculate i(16).
-6
Let b(x) = -x**3 + 12*x**2 - 4*x - 64. Give b(3).
5
Let a(h) = 2*h**2 - 30*h - 546. What is a(-9)?
-114
Let n(g) = -g**3 - 162*g**2 - 263*g + 9133. Calculate n(-160).
13
Let c(p) = -5*p + 68. Calculate c(-19).
163
Let v(q) = -41*q - 304. What is v(-8)?
24
Let w(h) = -27*h + 2513. Calculate w(93).
2
Let c(g) = -5*g + 215. Calculate c(37).
30
Let m(y) = y**3 - 16*y**2 - 6*y + 25. Calculate m(17).
212
Let b(d) = -d**3 + 28*d**2 - 56*d - 160. What is b(26)?
-264
Let w(m) = 84*m + 817. Determine w(-10).
-23
Let r(i) = 2*i**3 + 3*i**2 + 2*i + 23. Give r(-4).
-65
Let t(v) = -8*v**2 + 14*v - 27. Determine t(4).
-99
Let k(t) = 2*t**2 - 52*t - 46. Calculate k(27).
8
Let m(v) = 301*v - 2626. Give m(9).
83
Let j(n) = n**2 + 73*n + 1311. Calculate j(-43).
21
Let a(p) = -5*p**3 - 6*p**2 - 11*p - 35. Give a(-4).
233
Let r(h) = -341*h - 9888. What is r(-29)?
1
Let n(w) = -927*w - 2803. Give n(-3).
-22
Let t(k) = 63*k - 2124. Calculate t(34).
18
Let d(c) = -37*c - 1789. Give d(-76).
1023
Let c(f) = -f**3 - 2*f**2 + 27*f + 4. What is c(-7)?
60
Let t(a) = -a**2 - 411*a - 2834. Give t(-7).
-6
Let y(o) = 676*o - 8806. Determine y(13).
-18
Let h(i) = -3*i**3 - 133*i**2 - 37*i + 342. What is h(-44)?
34
Let k(j) = -7*j**2 - 47*j + 73. Give k(-7).
59
Let o(a) = -872*a + 9593. Give o(11).
1
Let i(y) = y**3 - 13*y**2 - 15*y + 16. Calculate i(-2).
-14
Let y(d) = 59*d - 319. Calculate y(5).
-24
Let j(x) = -x**3 + 29*x**2 - 47*x - 218. Determine j(27).
-29
Let b(z) = -z - 238. Give b(6).
-244
Let k(q) = -q**3 - 6*q**2 + q - 107. Give k(-8).
13
Let a(s) = -2*s**3 + 34*s**2 - 81*s + 245. Determine a(15).
-70
Let r(x) = 833*x - 4997. What is r(6)?
1
Let f(n) = 195*n + 5445. Calculate f(-26).
375
Let s(j) = 16*j**2 + 73*j - 29. Calculate s(-5).
6
Let y(p) = 17*p**2 + 151*p + 115. Give y(-8).
-5
Let c(a) = -1767*a + 22963. What is c(13)?
-8
Let r(x) = 2*x**3 + 5*x**2 - 9*x + 12. Determine r(-5).
-68
Let m(k) = 422*k - 3780. Determine m(9).
18
Let m(r) = -r**3 + 21*r**2 + 149*r + 101. What is m(-5)?
6
Let l(q) = 6*q**2 + 218*q - 68. Determine l(-37).
80
Let g(o) = -2*o**3 + 105*o**2 + 160*o + 92. Calculate g(54).
-16
Let n(l) = -l**3 + 21*l**2 + 145*l - 402. Determine n(26).
-12
Let p(c) = c**3 + 36*c**2 + 3*c + 36. Give p(-36).
-72
Let w(m) = 284*m - 3467. What is w(12)?
-59
Let p(t) = 94*t - 295. What is p(-2)?
-483
Let o(r) = -r**3 + 132*r**2 + 8192*r - 715. What is o(178)?
-3
Let a(m) = -859*m - 39513. Determine a(-46).
1
Let d(b) = b**3 + 8*b**2 - 212*b - 1312. What is d(-6)?
32
Let a(b) = 15*b + 228. What is a(-18)?
-42
Let x(t) = -1036*t + 365. What is x(0)?
365
Let p(d) = -2*d**3 - 82*d**2 + 4*d + 169. What is p(-41)?
5
Let f(h) = 3*h**3 + 93*h**2 - 8*h - 241. Give f(-31).
7
Let y(c) = 637*c - 10189. Determine y(16).
3
Let a(z) = -35*z - 51. Give a(-10).
299
Let w(q) = -2*q**2 - 55*q + 55. What is w(1)?
-2
Let s(k) = 2*k**3 + 104*k**2 + 200*k - 40. Calculate s(-50).
-40
Let f(c) = -c**3 + 12*c**2 + 19*c - 60. What is f(14)?
-186
Let u(p) = p**2 - 100*p + 1984. Determine u(26).
60
Let w(q) = -q**2 + 6*q + 2906. Determine w(57).
-1
Let n(k) = 9*k**2 - 42*k - 64. Give n(6).
8
Let b(p) = -2*p**3 - 24*p**2 + 35*p + 206. Determine b(-13).
89
Let n(z) = 2*z**2 + 117*z + 1028. Give n(-10).
58
Let p(h) = h**3 + 10*h**2 + 24*h + 35. Give p(-9).
-100
Let c(s) = -134*s + 2. What is c(-1)?
136
Let d(l) = -458*l + 8. What is d(-1)?
466
Let g(x) = x**2 - 81*x + 588. Determine g(73).
4
Let s(a) = 200*a**2 + 1401*a + 13. Determine s(-7).
6
Let w(h) = -106*h**2 + 211*h + 3. What is w(2)?
1
Let s(t) = 3*t**2 + 128*t - 226. What is s(-44)?
-50
Let o(w) = 2*w**3 + 47*w**2 - 99*w + 828. What is o(-26)?
22
Let f(a) = -5*a**2 - 70*a + 44. Give f(-14).
44
Let f(u) = -3*u**3 - 9*u**2 - 5*u - 10. Determine f(-3).
5
Let s(j) = 2*j**2 - 25*j + 89. Give s(12).
77
Let k(p) = 14*p + 257. What is k(-10)?
117
Let p(s) = -s**3 - 4*s**2 - 7*s + 9. Calculate p(3).
-75
Let p(x) = -2961*x - 11847. Give p(-4).
-3
Let r(z) = 28*z + 422. Give r(-16).
-26
Let r(u) = -3*u**2 + 72*u - 305. Calculate r(4).
-65
Let a(v) = -2*v**3 - 10*v**2 - 38*v - 280. Give a(-6).
20
Let x(u) = u**2 - 167*u - 2805. What is x(-15)?
-75
Let a(f) = f**3 + 147*f**2 + 10*f + 1470. Give a(-147).
0
Let s(z) = 6*z**2 - 44*z + 7. Give s(7).
-7
Let p(b) = 5*b - 254. Determine p(-4).
-274
Let m(g) = 26*g - 37. Give m(-2).
-89
Let p(m) = 777*m + 